 are the prime factors of r?
3, 17
Suppose 9 = -q + 3*o, -3*q + 4*o - 4 - 3 = 0. Suppose -26 = -q*g + 13. List the prime factors of g.
13
Let t(z) be the second derivative of -z**5/10 - z**4/6 + z**3/3 + 4*z. What are the prime factors of t(-3)?
2, 3, 5
Let o be (2/(-3))/(4/42). List the prime factors of -10*(o/2 - -3).
5
Suppose -3 = -n, -3*v - 4*n + 312 = 2*v. List the prime factors of v.
2, 3, 5
Suppose 0*j + j - 4 = 0. Let f be 1*-2 + j + 3. What are the prime factors of 52/f - (-6)/(-15)?
2, 5
Suppose 5*o - 30 = -3*v, 4*v + v = 0. What are the prime factors of o?
2, 3
Suppose -9*i + 2*i + 1043 = 0. List the prime factors of i.
149
Let v(s) = 2*s - 9. Let m = 0 - -11. What are the prime factors of v(m)?
13
Suppose 5*i = -x - 19 + 48, 5*i - x = 31. Let m = -1 - -1. Suppose -k = -m*z + z - 8, -z = -k + i. What are the prime factors of k?
7
Suppose -5 = 2*j - 7*j - 5*y, 5*y = -20. Suppose 2*i - 13 = -i - 4*s, i + j*s = -3. List the prime factors of i.
7
Let g = 14 - 25. Let z = g + 18. What are the prime factors of z?
7
Let u = -27 + 55. List the prime factors of u.
2, 7
Suppose 12*k - 16*k = -148. List the prime factors of k.
37
Let q = -2 - -9. Suppose -q*y = -4*y - 66. List the prime factors of y.
2, 11
Let z be (8 + 2)*(-1)/(-2). Let t(l) = -l**2 - 4*l + 5. Let y be t(-4). Suppose -5*v + v + 63 = z*q, -57 = -y*q - v. List the prime factors of q.
11
Let c = -60 - -111. What are the prime factors of c?
3, 17
What are the prime factors of -274*((-27)/(-6))/(-9)?
137
Let q(f) be the second derivative of -f**3/6 + 15*f**2/2 + f. Let u = 34 + -23. List the prime factors of q(u).
2
Let f(r) = 3*r - 4. Let c(l) = l**3 + 6*l**2 + 3. Let o be c(-6). Let w be f(o). Suppose -2*g + 5 = w*x, g - 34 = 5*x - 9. List the prime factors of g.
2, 5
Let f = -153 + 313. What are the prime factors of f?
2, 5
Let b(j) = 6*j**2 - 2*j - 2. Let u be b(-2). Let s = u - 16. List the prime factors of s.
2, 5
Let t = 25 - -54. What are the prime factors of t?
79
Suppose -5*v - 184 = -4*w - 620, 184 = 2*v - 4*w. List the prime factors of v.
2, 3, 7
Let r(o) = o**2 + 10*o + 5. Let i be r(-9). List the prime factors of (-12)/(-18)*(-66)/i.
11
Let o be ((-4)/(-10))/(1/10). Suppose -s = s - o. Suppose -s*y + 69 = -5*b, 0 = -3*y + y + 2*b + 54. What are the prime factors of y?
2, 11
Let i be 30/4*(-140)/25. Let f = 81 + i. What are the prime factors of f?
3, 13
Suppose 5*g - n - 177 = -3*n, -5*g - 4*n = -179. What are the prime factors of g?
5, 7
Suppose -5*i - 57 = -5*o + 33, 0 = 3*o - i - 52. Suppose 152 = 5*d + o. List the prime factors of d.
3
Let l be (46/4)/((-3)/6). Let j = -8 - l. Let i = j - 6. What are the prime factors of i?
3
Suppose 0 = -2*u + 4*z + 54, 8*u - 3*u - 144 = z. Let d = u + -12. List the prime factors of d.
17
Let c(r) = -42*r - 1. List the prime factors of c(-1).
41
What are the prime factors of ((-58)/4)/(3/(-6))?
29
Let m(g) = -2*g - 4. Let c be m(-4). Suppose -3*a + 2 = -c. What are the prime factors of -4*(1/a + -1)?
2
Let v(i) = i**2 + 2*i + 1. Let n be v(2). Let o = -4 + n. Suppose -5*d + 4*d = -3*m + 27, 5*d - 45 = -o*m. What are the prime factors of m?
3
List the prime factors of 1*87*(-4 + 5).
3, 29
Let j(d) = d**2 - d - 9. List the prime factors of j(7).
3, 11
Let k = 11 - 11. Suppose k*d = -d + 12. List the prime factors of d.
2, 3
Let i be (176/(-64))/((-2)/(-40)). Let d = 81 + i. List the prime factors of d.
2, 13
Let j(c) = 3*c - 1 + 4*c - 2*c. List the prime factors of j(5).
2, 3
Let g(v) = v**2 + v + 13. What are the prime factors of g(-6)?
43
Suppose -12 = n - 4*n. Suppose -76 = -2*h - n*w, 8*w = h + 4*w - 56. List the prime factors of h.
2, 11
Let h(q) = -q**3 - 11*q**2 + 10*q - 16. Let o be h(-12). Let j be 42/o + (-3)/12. Suppose -13 = -j*c + 27. List the prime factors of c.
2
Let r(f) = -f**2 - 17*f + 15. List the prime factors of r(-17).
3, 5
Let j(v) = v**3 + 7*v**2 + 2*v + 6. List the prime factors of j(-6).
2, 3, 5
What are the prime factors of (106/2 + (-7 - -7))*1?
53
What are the prime factors of (4/5)/(10/1375) - 1?
109
Suppose 2*x + 861 = 5*x. What are the prime factors of x?
7, 41
Suppose 2*a = 10 + 22. Suppose 2*m = k + 22, -3*k - a = -5*m + 37. List the prime factors of m.
13
Let q = 9 - 11. List the prime factors of (9/12)/(q/(-8)).
3
Suppose 88 = -4*r + 8. Let c = -10 - r. List the prime factors of c.
2, 5
Suppose -4*g + 3*g = -2. Suppose -g*j = 3*j. Suppose -c + 3 + 11 = j. What are the prime factors of c?
2, 7
Let x(o) be the first derivative of o**4/8 - 2*o**3 + o**2 + 3. Let d(u) be the second derivative of x(u). List the prime factors of d(8).
2, 3
Let f(h) = -7*h**2 + 12*h - 1. Let a(b) = -b**2 + b. Let s(p) = -6*a(p) + f(p). What are the prime factors of s(4)?
7
Let y = -17 - -11. Let q(o) = -3*o - 7. Let w be q(y). Let s = -1 + w. List the prime factors of s.
2, 5
List the prime factors of ((-76)/10)/(2/(-10)).
2, 19
Suppose -5*n + 113 + 813 = 3*t, 0 = 5*n - t - 938. What are the prime factors of n?
11, 17
Let x(q) = q + 1. Let y(a) = a**2 + 4. Let k be y(3). List the prime factors of x(k).
2, 7
Suppose 7 = -0*b + b. What are the prime factors of b?
7
Let p be 42/15*(-15)/(-6). Suppose 0 = 5*q + p + 18, q + 26 = 3*g. What are the prime factors of g?
7
Let a(x) = 10*x. Suppose -y = -4*r + 7, 2*y - r = -0*r. Let w be a(y). Let q = 21 - w. What are the prime factors of q?
11
Let k be ((-3)/2)/(7/14). What are the prime factors of 4*1*k/(-2)?
2, 3
Let r(j) = j**3 - 2*j**2 - 7*j + 6. Let n(k) = -3*k + 1. Let o be n(2). Let l = o + 9. List the prime factors of r(l).
2, 5
Let r be 23/4 + (-4)/(-16). Suppose -4*j - i = -r*i - 14, -5*j + 2*i + 26 = 0. Let p = 11 - j. What are the prime factors of p?
5
Suppose 2*l + 2*q - 70 = 0, -24 - 41 = -2*l - q. List the prime factors of l.
2, 3, 5
Suppose -21 - 18 = -3*d. Suppose -4*m - 2*x - 2 = 0, -d - 5 = -4*m + 2*x. Suppose -5*h + 30 = -m*h. What are the prime factors of h?
2, 5
Let w(q) = -q**3 + 6*q**2 - 5*q + 5. Let l be (-4)/(-18) - 50/(-18). Suppose l*p - 2 = 2*d, -3*d = -3*p + 1 - 4. What are the prime factors of w(d)?
5
Suppose 0 = -2*c - 2, -c = -3*q - 60 + 424. What are the prime factors of q?
11
Suppose -2*a - 3*v = 0, 5*a - v = 4*v. Suppose a*s + 42 = 5*y + s, 24 = 4*y + 4*s. Let r(h) = 3*h - 6. List the prime factors of r(y).
3, 7
Let p = -14 - -24. What are the prime factors of p?
2, 5
Let c(j) = 12*j - 7. Let t be c(-5). Let n = 38 + t. Let z = n - -41. List the prime factors of z.
2, 3
Let o = -5 + 8. Let m(l) = 2*l**2 + 3*l + 3. Let y be m(-3). Suppose o*v - y = -v. List the prime factors of v.
3
Let r(o) be the third derivative of o**5/30 + o**4/3 - 3*o**3/2 + o**2. Let h be r(-7). Suppose 2*k + 3*j = 11, 0*k - j - h = -3*k. List the prime factors of k.
2, 5
Suppose 3*j - 278 = -77. What are the prime factors of j?
67
Let b(x) = -x**3 - 15*x**2 - 31*x + 7. What are the prime factors of b(-13)?
2, 3
Let a be (-36)/4*2/(-6). Suppose l = -3*c + 1 + 5, l + a = 0. List the prime factors of c.
3
Suppose -260 = -3*p + 256. What are the prime factors of p?
2, 43
Suppose 5*a = -r + 273, -3*r - 4*a = -3*a - 819. List the prime factors of r.
3, 7, 13
Suppose 0 = 7*p - 4*p - 12. Let g = 49 - 3. Suppose 5*s - 2*s = p*d + g, 0 = -5*s + 3*d + 62. List the prime factors of s.
2, 5
Let f = -254 + 526. What are the prime factors of f?
2, 17
Let h(n) = 5*n - 2*n + 3*n. Let a = 3 + -2. List the prime factors of h(a).
2, 3
Let j = -22 + 108. List the prime factors of j.
2, 43
Let w(g) = -2*g**2 - 2*g + 7*g**2 + 2 - g**3 + 8*g. Let p be w(6). What are the prime factors of 9/p + (-2)/4?
2
Suppose y = -v - 1, 0*y + 5*v - 11 = -y. Let t be 300/(-14) + 18/42. What are the prime factors of (6/y)/(t/56)?
2
Suppose 0*b = 4*b - 96. What are the prime factors of b?
2, 3
Let u(v) be the second derivative of -v**3/6 + v**2/2 - v. What are the prime factors of u(-6)?
7
Let c(t) be the second derivative of t**4/12 - t**3 + 3*t**2 - 2*t. Let n be c(4). What are the prime factors of (-42)/(-4) - n/4?
11
Let n(z) = -16*z**3 - 3*z - 2. What are the prime factors of n(-2)?
2, 3, 11
Let r = 1 - -4. Suppose 3*h - 15 = 0, 2*o - 3*h - r = 2. List the prime factors of o.
11
Let c be 4*-2*1/(-4). Suppose -n - 76 = -4*n + 2*m, -c*m - 28 = -n. What are the prime factors of n?
2, 3
Let n = -23 - -28.